{"id":273,"date":"2017-11-06T21:03:33","date_gmt":"2017-11-06T21:03:33","guid":{"rendered":"http:\/\/totzenbach.at.c51.previewmysite.eu\/?page_id=273"},"modified":"2017-11-14T13:10:20","modified_gmt":"2017-11-14T13:10:20","slug":"paltram","status":"publish","type":"page","link":"http:\/\/totzenbach.at\/?page_id=273","title":{"rendered":"Paltram"},"content":{"rendered":"<p>Paltram ist einwohnerm\u00e4\u00dfig eine der gr\u00f6\u00dften Katastralgemeinden der Marktgemeinde Kirchstetten. Laut der Volksz\u00e4hlung 2001 wohnen hier 174 Personen. Die Fl\u00e4che betr\u00e4gt 182 Hektar und erstreckt sich auf ca. 10% der Gesamtfl\u00e4che der Gemeinde, die eine Gr\u00f6\u00dfenordnung von 1776 Hektar aufweist. Die Einwohnerzahl hat sich seit 2001 auf ca 200 Personen erh\u00f6ht, da das Krankenpflegeheim Clementinum, das in dieser KG seinen Sitz hat, in den letzen Jahren neu errichtet wurde, und dort im Schnitt 100 Personen ihren Wohnsitz haben bzw. betreut werden.<br \/>\nEin Drittel der Bewohner im Ort sind unselbst\u00e4ndig erwerbst\u00e4tig, ein weiteres Drittel sind Kinder und das restliche Drittel teilt sich in 4 Vollerwerbs-, 2 Nebenerwerbslandwirte, 19 Pensionisten und 8 Hausfrauen auf.<\/p>\n<p>Mehr lesen im .pdf-Dokument der alten Totzenbach Seite von Leo Rollenitz:<\/p>\n<p><a href=\"http:\/\/totzenbach.at.c51.previewmysite.eu\/wp-content\/uploads\/2017\/11\/Dorfseite-Paltram_Start_05112017.pdf\">Dorfseite Paltram_Start_05112017<\/a><\/p>\n<p><a href=\"http:\/\/totzenbach.at.c51.previewmysite.eu\/wp-content\/uploads\/2017\/11\/Dorfseite-Paltram_Erg\u00e4nzungen_05112017.pdf\">Dorfseite Paltram_Erg\u00e4nzungen_05112017<\/a><\/p>\n<pre><em>(Die Texte im download stammen aus der alten Website des Vereins der Freunde Totzenbachs und wurde in den Jahren 2001-2015 verfasst\/bearbeitet. Wir haben ihn als historisches Dokument aufgehoben. Neuere Informationen finden Sie gegebenenfalls auf dieser Seite.)\u00a0\u00a0<\/em><\/pre>\n","protected":false},"excerpt":{"rendered":"<p>Paltram ist einwohnerm\u00e4\u00dfig eine der gr\u00f6\u00dften Katastralgemeinden der Marktgemeinde Kirchstetten. Laut der Volksz\u00e4hlung 2001 wohnen hier 174 Personen. Die Fl\u00e4che betr\u00e4gt 182 Hektar und erstreckt sich auf ca. 10% der [&hellip;]<\/p>\n","protected":false},"author":2,"featured_media":0,"parent":120,"menu_order":0,"comment_status":"closed","ping_status":"closed","template":"full-width-page-template.php","meta":{"footnotes":""},"_links":{"self":[{"href":"http:\/\/totzenbach.at\/index.php?rest_route=\/wp\/v2\/pages\/273"}],"collection":[{"href":"http:\/\/totzenbach.at\/index.php?rest_route=\/wp\/v2\/pages"}],"about":[{"href":"http:\/\/totzenbach.at\/index.php?rest_route=\/wp\/v2\/types\/page"}],"author":[{"embeddable":true,"href":"http:\/\/totzenbach.at\/index.php?rest_route=\/wp\/v2\/users\/2"}],"replies":[{"embeddable":true,"href":"http:\/\/totzenbach.at\/index.php?rest_route=%2Fwp%2Fv2%2Fcomments&post=273"}],"version-history":[{"count":4,"href":"http:\/\/totzenbach.at\/index.php?rest_route=\/wp\/v2\/pages\/273\/revisions"}],"predecessor-version":[{"id":368,"href":"http:\/\/totzenbach.at\/index.php?rest_route=\/wp\/v2\/pages\/273\/revisions\/368"}],"up":[{"embeddable":true,"href":"http:\/\/totzenbach.at\/index.php?rest_route=\/wp\/v2\/pages\/120"}],"wp:attachment":[{"href":"http:\/\/totzenbach.at\/index.php?rest_route=%2Fwp%2Fv2%2Fmedia&parent=273"}],"curies":[{"name":"wp","href":"https:\/\/api.w.org\/{rel}","templated":true}]}}