{"id":110,"date":"2017-05-31T20:34:32","date_gmt":"2017-05-31T20:34:32","guid":{"rendered":"http:\/\/totzenbach.at.c51.previewmysite.eu\/?page_id=110"},"modified":"2017-11-06T19:51:06","modified_gmt":"2017-11-06T19:51:06","slug":"totzenbach","status":"publish","type":"page","link":"http:\/\/totzenbach.at\/?page_id=110","title":{"rendered":"Das Dorf Totzenbach"},"content":{"rendered":"<div id=\"attachment_218\" style=\"width: 310px\" class=\"wp-caption alignleft\"><a href=\"http:\/\/totzenbach.at.c51.previewmysite.eu\/wp-content\/uploads\/2017\/11\/totzpl800.jpg\"><img loading=\"lazy\" decoding=\"async\" aria-describedby=\"caption-attachment-218\" class=\"wp-image-218 size-medium\" src=\"http:\/\/totzenbach.at.c51.previewmysite.eu\/wp-content\/uploads\/2017\/05\/Totzenbach-300x206.jpg\" alt=\"Dorfplan Totzenbach mini\" width=\"300\" height=\"206\" srcset=\"http:\/\/totzenbach.at.c51.previewmysite.eu\/wp-content\/uploads\/2017\/05\/Totzenbach-300x206.jpg 300w, http:\/\/totzenbach.at.c51.previewmysite.eu\/wp-content\/uploads\/2017\/05\/Totzenbach.jpg 320w\" sizes=\"(max-width: 300px) 100vw, 300px\" \/><\/a><p id=\"caption-attachment-218\" class=\"wp-caption-text\"><em>Klicken Sie hier, um einen kleinen \u00dcbersichtsplan von Totzenbach anzusehen!<\/em><\/p><\/div>\n<p>Das Dorf Totzenbach ist eine Katastralgemeinde der Gemeinde Kirchstetten im nieder\u00f6sterreichischen Mostviertel an der Grenze zum Wienerwald. Urkundlich wurde Totzenbach wahrscheinlich erstmals 1130 genannt. Der Ort war von 1513 bis 1823 das Herrschaftszentrum der nieder\u00f6sterreichischen Linie der Trauttmansdorff. 1683 im T\u00fcrkenkrieg ist der Ort weitgehend abgebrannt. 1971 wurde die seit 1848 eigenst\u00e4ndige Gemeinde Totzenbach mit Kirchstetten zusammengelegt.<\/p>\n<p>Totzenbach ist sowohl mit dem Auto als auch mit der Westbahn bestens zu erreichen: Bahnfahrer k\u00f6nnen das Dorf vom Bahnhof Kirchstetten zu Fu\u00df mit einem gem\u00fctlichen Spaziergang in etwa 20 Minuten erreichen. Besonders sehenswert sind das seit den 1970er Jahren liebevoll revitalisierte Schloss Totzenbach und die gotische Pfarrkirche. Zahlreiche Naturdenkm\u00e4ler k\u00f6nnen in Totzenbach auf beschilderten Wegen &#8222;erwandert&#8220; werden. Wer anschlie\u00dfend m\u00fcde ist, kann in unser Dorfwirtshaus Gnasm\u00fcller einkehren.<\/p>\n<p>Zum Dorf Totzenbach geh\u00f6ren die Katastrald\u00f6rfer und Siedlungen Doppel, Paltram, Senning, Fuchsberg und Oberwolfsbach sowie der Bruckhof und die neue Siedlung am Bruckfeld. Auch sie sind \u00fcber unsere Wanderwege gut zu erreichen.<\/p>\n<p><em>Wir laden Sie herzlich ein, uns in unserem Dorfparadies zu besuchen!<\/em><\/p>\n","protected":false},"excerpt":{"rendered":"<p>Das Dorf Totzenbach ist eine Katastralgemeinde der Gemeinde Kirchstetten im nieder\u00f6sterreichischen Mostviertel an der Grenze zum Wienerwald. Urkundlich wurde Totzenbach wahrscheinlich erstmals 1130 genannt. Der Ort war von 1513 bis [&hellip;]<\/p>\n","protected":false},"author":1,"featured_media":218,"parent":0,"menu_order":1,"comment_status":"closed","ping_status":"closed","template":"full-width-page-template.php","meta":{"footnotes":""},"_links":{"self":[{"href":"http:\/\/totzenbach.at\/index.php?rest_route=\/wp\/v2\/pages\/110"}],"collection":[{"href":"http:\/\/totzenbach.at\/index.php?rest_route=\/wp\/v2\/pages"}],"about":[{"href":"http:\/\/totzenbach.at\/index.php?rest_route=\/wp\/v2\/types\/page"}],"author":[{"embeddable":true,"href":"http:\/\/totzenbach.at\/index.php?rest_route=\/wp\/v2\/users\/1"}],"replies":[{"embeddable":true,"href":"http:\/\/totzenbach.at\/index.php?rest_route=%2Fwp%2Fv2%2Fcomments&post=110"}],"version-history":[{"count":14,"href":"http:\/\/totzenbach.at\/index.php?rest_route=\/wp\/v2\/pages\/110\/revisions"}],"predecessor-version":[{"id":224,"href":"http:\/\/totzenbach.at\/index.php?rest_route=\/wp\/v2\/pages\/110\/revisions\/224"}],"wp:featuredmedia":[{"embeddable":true,"href":"http:\/\/totzenbach.at\/index.php?rest_route=\/wp\/v2\/media\/218"}],"wp:attachment":[{"href":"http:\/\/totzenbach.at\/index.php?rest_route=%2Fwp%2Fv2%2Fmedia&parent=110"}],"curies":[{"name":"wp","href":"https:\/\/api.w.org\/{rel}","templated":true}]}}